k(-2). Let m be (-9)/6 - q/10. Calculate the remainder when 71 is divided by 33 + 5 + (m - 5).
35
Let t = -52 + 75. Calculate the remainder when t is divided by (-24)/(-24) + 1 + 12.
9
Suppose 448 = 9*n - 497. What is the remainder when 2202 is divided by n?
102
Let j(f) = -2*f**2 + 9*f + 10. Let s = 285 - 281. Calculate the remainder when 97 is divided by j(s).
13
Let h(m) = -m**3 + 13*m**2 - 8*m - 40. Suppose 0 = -3*r + 4*k + 44, 0 = 2*r - 2*k - 45 + 17. What is the remainder when 69 is divided by h(r)?
5
Calculate the remainder when 2377 is divided by 44*(-3)/(-6) + (-25)/(175/(-42)).
25
Let d(m) = -2*m**2 - 7*m + 14. Let l be d(5). Let k = l - -56. Let w = 58 + k. What is the remainder when w is divided by 12?
7
Suppose -17*b = -15*b + a - 853, -1318 = -3*b + 4*a. Calculate the remainder when 1301 is divided by b.
11
Suppose 0 = -0*o + 3*o - 12. Suppose 0*q - o = 2*q, q = -4*x + 10. Suppose x*j - 74 = -u + j, 4*u + 4*j = 304. Calculate the remainder when u is divided by 10.
8
Suppose 2*t - 1312 = 2*x, 11*t - 3325 = 6*t - 4*x. Let c = t + -620. What is the remainder when c is divided by 21?
20
Let g be (-8)/(-1*(-3)/(-6)). Calculate the remainder when g/6*(-42)/(-8) is divided by 48/(-36)*-3 + 2.
2
Let r(j) = j + 22. Let v(b) = -b**3 + 4*b**2 - b - 6. Suppose -2*o = -3*s + 11, -1 = 4*o + 3. Let u be v(s). Calculate the remainder when 65 is divided by r(u).
21
Let v(a) = -a**3 - a**2 + 13*a + 23. Let q be v(-4). What is the remainder when q + -12 - -4*1 is divided by ((-16)/20)/((-2)/15)?
5
Let m be 3/(-2) + 18/(-12). Let f be 2/(-6)*45/m. Suppose -2*d + 3*j = -182, 14 - 456 = -f*d + j. What is the remainder when d is divided by 18?
16
Let q(k) = 10 + 2*k + 21*k**2 + 8 - 20 + 0*k**2. Calculate the remainder when 55 is divided by q(1).
13
Let j = 241 - 165. Calculate the remainder when j is divided by 38.
0
Let v = -31 + 47. Suppose -s + 221 = 3*i, 13*s + 83 = i + 12*s. Calculate the remainder when i is divided by v.
12
Let m = 173 + -171. Suppose m*v - 152 = -3*z + 222, -4*v + 5*z = -792. What is the remainder when v is divided by 7?
4
Let y(l) = -19*l + 13. Calculate the remainder when y(-11) is divided by 260/(-104)*(-64)/5.
30
Suppose 10*f = 16*f - 12. Suppose -5*y - 409 = -3*r, -f*y - 33 - 130 = -r. Let u = y + 90. Calculate the remainder when 44 is divided by u.
4
Suppose 2*t - 194 - 52 = 2*n, 0 = 2*n + 3*t + 266. Let z = -525 - -295. Let f = n - z. Calculate the remainder when f is divided by 26.
25
Let j = -9925 + 10545. Calculate the remainder when j is divided by 301.
18
Let m = -114 - -144. Suppose -84 = -2*t - m. Suppose 0 = r - 3*v - 85, 4*r - 5*v + 43 = 369. Calculate the remainder when r is divided by t.
25
Suppose -64*g = -65*g + 351. Suppose 0 = -2*q + 15*q + g. Let b = q + 67. Calculate the remainder when 197 is divided by b.
37
What is the remainder when 1120709/2334 - (11/(-6) - -1) is divided by 85?
56
Calculate the remainder when 77347 is divided by 1 + 8910/729 + 4/(-18).
10
Let h = 145 + -99. Suppose -38*t - 448 = -h*t. What is the remainder when 222 is divided by t?
54
Suppose s + 5*o = 44, 2*s + 2*o = 7*o + 58. Suppose 0 = 3*b - 5*r - 59, r = b - 24 + 5. What is the remainder when s is divided by b?
16
Let w = 18458 + -18429. What is the remainder when 1953 is divided by w?
10
Suppose -92 = -6*l + 16. Suppose 0 = -4*u + b + 149, -u - 4*b + 15 = -l. Calculate the remainder when 141 is divided by u.
30
Suppose -3*y + 57 = 5*r - 58, -5*r + 105 = 5*y. Let h(q) = -3*q**3 - 4*q**2 + 6*q - 3. What is the remainder when h(-4) is divided by r?
23
Suppose 0 = 89*t - 73*t - 720. Calculate the remainder when 4769 is divided by t.
44
Suppose 2*q - 72 = -20. Let d = -476 - -486. What is the remainder when d/4*2678/65 is divided by q?
25
Let p = -16510 + 18370. Calculate the remainder when p is divided by 69.
66
Let d(b) = 4*b**2 + 5*b - 233. What is the remainder when d(-10) is divided by (-2)/4*(-16)/2?
1
Suppose 58*x + 64*x = 115*x + 5103. Calculate the remainder when x is divided by 182.
1
Let f be ((-231)/(-6))/(3/18). Suppose 0 = -5*a - 13*d + 17*d + f, -3*d = a - 31. What is the remainder when 256 is divided by a?
41
Let q = -81 - -122. Let z = 86343 - 86181. Calculate the remainder when z is divided by q.
39
What is the remainder when (-6 - -2) + (-27242)/(-257) is divided by 3*(9 + 0 + 2)?
3
Suppose -6*u - 186 + 312 = 0. Suppose -231 - 42 = -u*z. Calculate the remainder when 948 is divided by z.
12
Let t(q) = -q**2 - 151*q + 1558. What is the remainder when t(-94) is divided by 37?
34
Let j(q) = -35*q - 2823. Let t(w) = 140*w + 1. Calculate the remainder when t(3) is divided by j(-82).
45
Let m be (-34)/10 + -1 + 63/(-105). Let a be 31/m - (-2)/10 - -3. What is the remainder when 35 is divided by (2 - 2) + a*(-26)/6?
9
Suppose -1211*r + 1274*r = 3969. Calculate the remainder when 1064 is divided by r.
56
Let w(f) = f**2 - 5*f + 29. What is the remainder when 229 is divided by w(-7)?
3
Suppose 55638 = 116*c - 29738. Calculate the remainder when c is divided by 31.
23
Suppose 0 = 2*b - 350*c + 355*c - 1385, 2*c - 3452 = -5*b. Calculate the remainder when b is divided by 317.
56
Suppose k + 5*c = -2*k, -k = -3*c. Suppose -5*r - 76 + 16 = -z, k = -3*z - 3*r + 162. What is the remainder when z is divided by 20?
15
Suppose -474*d - 10796 = -201818. What is the remainder when d is divided by 69?
58
Suppose 2496*c + 1654*c = 344*c + 709*c + 40261. Let m = 3 - 0. Suppose w - m*w = -128. What is the remainder when w is divided by c?
12
Suppose 0 = 3*o - 41*o + 7448. Calculate the remainder when 777 is divided by o.
189
Let t = -3910 - -4751. Calculate the remainder when 2537 is divided by t.
14
Calculate the remainder when 159 is divided by 40/80 - (-436)/8.
49
Let h(y) = 2*y**2 - y + 4. Let i be h(0). Let u = -11 + 15. Suppose 0 = 5*a - s - 478, 0*a = -u*a - i*s + 368. Calculate the remainder when a is divided by 14.
11
What is the remainder when 2263 - (8 - (-13 + 36)) is divided by 95?
93
Let c = 23465 - 23238. Calculate the remainder when c is divided by 13.
6
Suppose 19*k - 1351 + 21 = 0. Suppose 10*s = -20 + k. Calculate the remainder when 14 is divided by s.
4
Suppose -14*u + 4*p - 5932 = -18*u, u - 1483 = 2*p. What is the remainder when u is divided by 31?
26
Let t = 21662 - 18812. What is the remainder when t is divided by 2?
0
Let d(c) = 302*c - 1184. What is the remainder when 448 is divided by d(4)?
16
Suppose -317*n = -316*n - p - 202, 982 = 5*n + 2*p. What is the remainder when 3561 is divided by n?
195
Let o = 961 + -956. Suppose 66*f - 62*f = -4, 4*m = -o*f + 1203. Calculate the remainder when m is divided by 61.
58
Let n(d) = 6*d**3 + d**2 + 4*d - 6. Let r be n(2). Suppose -58 + r = -2*f. What is the remainder when 13 is divided by f?
1
Let x(w) = 3*w**2 - 27*w - 202. What is the remainder when x(18) is divided by 31?
5
Suppose -1003 - 9741 = -68*g. What is the remainder when 493 is divided by g?
19
Let n = 186 - 184. What is the remainder when n/4 + 3*51/6 is divided by 7?
5
Let q(g) = -5*g + 14. Let b be q(-7). Let w be b*1/(-2)*-2. Suppose -2*z = 15 - w. Calculate the remainder when 82 is divided by z.
14
Suppose 0 = 6*l - l. Suppose l*n = -5*n + 285. Suppose a - 150 = n. What is the remainder when a is divided by 52?
51
Let s = 19292 - 19256. Let y(f) = -12*f - 7. What is the remainder when s is divided by y(-2)?
2
Suppose -g + 5*g = 32. Let o(m) = m - 13. Let k(h) = -h + 1. Let z(u) = -2*k(u) - o(u). Calculate the remainder when 53 is divided by z(g).
15
Let y = -302 - -318. What is the remainder when y is divided by 7?
2
Let u(y) = -y**2 - 35*y + 161. Let g be u(-39). Suppose -g*m - 282 = -11*m. Calculate the remainder when 47 is divided by m.
0
Let h(w) = -5*w**3 + w**2 - 1. Let l be h(1). Let r = l - 0. Let k(f) = f**2 - 2*f. Calculate the remainder when 102 is divided by k(r).
32
Let d(c) = -4*c + 0 - 40*c**2 + 42*c**2 + 0. Let t be d(2). Suppose t = 6*u - u - 30. Calculate the remainder when 11 is divided by u.
5
Suppose 65*t = 189*t - 112468. What is the remainder when t is divided by 61?
53
Let f(g) = 2*g**2 + 5. Suppose -7*i = 499 - 611. Suppose -s + q = -i, -29*q = -28*q + 4. Calculate the remainder when f(-5) is divided by s.
7
Let x(j) = j**3 + 18*j**2 - 21*j - 25. Let c be x(-19). Let o(n) = 4*